{"id":18,"date":"2019-08-12T14:01:58","date_gmt":"2019-08-12T14:01:58","guid":{"rendered":"http:\/\/www.petrabraunova.cz\/?page_id=18"},"modified":"2022-01-13T00:17:26","modified_gmt":"2022-01-12T22:17:26","slug":"18-2","status":"publish","type":"page","link":"https:\/\/www.petrabraunova.cz\/?page_id=18","title":{"rendered":"Kdo jsem a koho a co miluju"},"content":{"rendered":"\n<figure class=\"wp-block-image\"><img loading=\"lazy\" decoding=\"async\" width=\"768\" height=\"1024\" src=\"https:\/\/www.petrabraunova.cz\/wp-content\/uploads\/2020\/06\/100_1836-768x1024.jpg\" alt=\"\" class=\"wp-image-275\" srcset=\"https:\/\/www.petrabraunova.cz\/wp-content\/uploads\/2020\/06\/100_1836-768x1024.jpg 768w, https:\/\/www.petrabraunova.cz\/wp-content\/uploads\/2020\/06\/100_1836-225x300.jpg 225w, https:\/\/www.petrabraunova.cz\/wp-content\/uploads\/2020\/06\/100_1836-740x987.jpg 740w\" sizes=\"auto, (max-width: 768px) 100vw, 768px\" \/><figcaption>J\u00e1 s kl\u00ed\u010dem od domu spln\u011bn\u00fdch p\u0159\u00e1n\u00ed \ud83d\ude42<\/figcaption><\/figure>\n\n\n\n<figure class=\"wp-block-image\"><img loading=\"lazy\" decoding=\"async\" width=\"1024\" height=\"768\" src=\"http:\/\/www.petrabraunova.cz\/wp-content\/uploads\/2019\/08\/DSC04537-1-1024x768.jpg\" alt=\"\" class=\"wp-image-79\" srcset=\"https:\/\/www.petrabraunova.cz\/wp-content\/uploads\/2019\/08\/DSC04537-1-1024x768.jpg 1024w, https:\/\/www.petrabraunova.cz\/wp-content\/uploads\/2019\/08\/DSC04537-1-300x225.jpg 300w, https:\/\/www.petrabraunova.cz\/wp-content\/uploads\/2019\/08\/DSC04537-1-768x576.jpg 768w, https:\/\/www.petrabraunova.cz\/wp-content\/uploads\/2019\/08\/DSC04537-1-740x555.jpg 740w\" sizes=\"auto, (max-width: 1024px) 100vw, 1024px\" \/><\/figure>\n\n\n\n<p class=\"wp-block-paragraph\"> Jsem Petra Braunov\u00e1. Jsem m\u00e1ma jednoho \u0161ikovn\u00e9ho syna a dvou kr\u00e1sn\u00fdch dcer, jsem nespokojen\u00e1 s nepo\u0159\u00e1dkem na zem\u011bkouli, jsem autorkou asi \u010dty\u0159iceti kn\u00ed\u017eek v\u00edcem\u00e9n\u011b pro d\u011bti,&nbsp; jsem po\u0161etilou majitelkou kouzeln\u00e9ho kamenn\u00e9ho domu v m\u00edst\u011b, kde von\u00ed pole, louky a les. <\/p>\n\n\n\n<p class=\"wp-block-paragraph\"><strong>Jsem d\u016fsledn\u00e1, neberu ohledy na lidi, co nemaj\u00ed c\u00edl a jsou hloup\u00ed.&nbsp; <\/strong><\/p>\n\n\n\n<p class=\"wp-block-paragraph\">M\u00e1te-li chu\u0165 a pot\u0159ebu mi napsat, zde je m\u016fj email.<\/p>\n\n\n\n<p class=\"wp-block-paragraph\"><strong>petrabraunova@seznam.cz<\/strong><\/p>\n\n\n\n<p class=\"wp-block-paragraph\"><em><strong>Koho a co miluju<\/strong><\/em><\/p>\n\n\n\n<p class=\"wp-block-paragraph\">Miluju p\u0159\u00edb\u011bhy. Miluju kn\u00ed\u017eky. Miluju vzpom\u00ednky. Miluju kreativn\u00ed lidi. Miluju d\u011bti. Miluju b\u00fdt sama doma. Miluju konec srpna. Miluju Tel\u010d.\u00a0Do Tel\u010de jezd\u00edm ka\u017ed\u00e9 l\u00e9to. Nem\u016f\u017eu se toho m\u00edsta s renesan\u010dn\u00edmi domy, lekn\u00edny na rybn\u00edc\u00edch a svatou Mark\u00e9tou v ka\u0161n\u011b naba\u017eit. N\u011bkdy v patn\u00e1cti jsem si p\u0159e\u010detla Ko\u017e\u00edkovo M\u011bsto \u0161\u0165astn\u00fdch l\u00e1sek a Tel\u010d mi vklouzla do \u017eivota.\u00a0Odmali\u010dka jsem vzhl\u00ed\u017eela k t\u00e1tov\u011b obrovsk\u00e9 knihovn\u011b. Kdy\u017e jsem z\u016fstala sama doma \u2013 a to v dob\u00e1ch m\u00e9ho d\u011btstv\u00ed nebylo nic divn\u00e9ho \u2013 tak jsem si s knihami hr\u00e1la. Stav\u011bla jsem si z nich v\u011b\u017ee a hrady a hr\u00e1la si na princeznu. Z m\u00e1miny sk\u0159\u00edn\u011b jsem vytahala kor\u00e1le a hedv\u00e1bn\u00e9 \u0161\u00e1tky, tan\u010dila jsem po pokoji, kroutila se p\u0159ed zrcadlem a snila o budoucnosti\u2026 Dodnes miluju v\u016fni kn\u00ed\u017eek. V\u011bt\u0161inu jsem jich po t\u00e1tovi zd\u011bdila a s nostalgi\u00ed si je prohl\u00ed\u017e\u00edm a vzpom\u00edn\u00e1m na n\u011bho. Sed\u00e1val u okna v kuchyni a \u010detl si. Psal si sv\u016fj vlastn\u00ed \u010dten\u00e1\u0159sk\u00fd den\u00edk a hodnocen\u00ed. Nebylo nic v\u00fdjime\u010dn\u00e9ho, kdy\u017e na konci roku vyb\u00edral v\u00edt\u011bze z dvou set p\u0159e\u010dten\u00fdch titul\u016f. M\u00e1ma u toho va\u0159ila, vykl\u00e1dala drby nebo \u0161ila. Moje star\u0161\u00ed sestry Renata s Hankou poslouchaly gramodesky, telefonovaly, u\u010dily se a \u010detly. Byt se \u010dasto plnil jejich kamar\u00e1dy, kte\u0159\u00ed hr\u00e1li na kytary, mudrovali o \u017eivot\u011b a mn\u011b jako nejmlad\u0161\u00ed zav\u00edrali dve\u0159e p\u0159ed nosem. \u010casto jsem b\u011bhala venku, a to i do pozdn\u00edch hodin. Michle tehdy byla stranou hlavn\u00edch tah\u016f, pamatuju si louky, na kter\u00fdch jsme chytaly kobylky a kdy\u017e n\u00e1m rodi\u010de cht\u011bli koupit nov\u00e9 boty, brali n\u00e1s do \u201em\u011bsta\u201c. \u201cP\u0159ij\u010f, a\u017e se rozsv\u00edt\u00ed kom\u00edn!\u201c nab\u00e1daly n\u00e1s m\u00e1my. Ve\u010der se vykl\u00e1n\u011bly z oken a oz\u00fdvalo se vol\u00e1n\u00ed: \u201eDom\u016f! Dom\u016f!\u201c \u2013 \u201eKom\u00edn je\u0161t\u011b nesv\u00edt\u00ed!\u201c br\u00e1nili jsme se v\u0161ichni pronikav\u00fdm je\u010den\u00edm. Kom\u00edn michelsk\u00e9 tepl\u00e1rny tehdy tr\u010del do nebe s\u00e1m, a\u017e b\u011bhem m\u00e9ho dosp\u00edv\u00e1n\u00ed vedle n\u011bho vyrostl nov\u00fd, vy\u0161\u0161\u00ed, kter\u00fd funguje a sv\u00edt\u00ed dodnes. Ten n\u00e1\u0161, d\u011btsk\u00fd, na v\u011bky zhasl. Ob\u010das, kdy\u017e ve\u010der jedu kolem, mrknu po n\u011bm okem a vzpomenu si na m\u00e1mu. A jsem si jist\u00e1, \u017ee tentokr\u00e1t, pokud se kom\u00edn rozsv\u00edt\u00ed, ur\u010dit\u011b hned poslechnu. <\/p>\n","protected":false},"excerpt":{"rendered":"<p>Jsem Petra Braunov\u00e1. Jsem m\u00e1ma jednoho \u0161ikovn\u00e9ho syna a dvou kr\u00e1sn\u00fdch dcer, jsem nespokojen\u00e1 s nepo\u0159\u00e1dkem na zem\u011bkouli, jsem autorkou asi \u010dty\u0159iceti kn\u00ed\u017eek v\u00edcem\u00e9n\u011b&#46;&#46;&#46;<\/p>\n","protected":false},"author":1,"featured_media":0,"parent":0,"menu_order":0,"comment_status":"closed","ping_status":"closed","template":"","meta":{"footnotes":""},"class_list":["post-18","page","type-page","status-publish","hentry"],"jetpack_sharing_enabled":true,"_links":{"self":[{"href":"https:\/\/www.petrabraunova.cz\/index.php?rest_route=\/wp\/v2\/pages\/18","targetHints":{"allow":["GET"]}}],"collection":[{"href":"https:\/\/www.petrabraunova.cz\/index.php?rest_route=\/wp\/v2\/pages"}],"about":[{"href":"https:\/\/www.petrabraunova.cz\/index.php?rest_route=\/wp\/v2\/types\/page"}],"author":[{"embeddable":true,"href":"https:\/\/www.petrabraunova.cz\/index.php?rest_route=\/wp\/v2\/users\/1"}],"replies":[{"embeddable":true,"href":"https:\/\/www.petrabraunova.cz\/index.php?rest_route=%2Fwp%2Fv2%2Fcomments&post=18"}],"version-history":[{"count":12,"href":"https:\/\/www.petrabraunova.cz\/index.php?rest_route=\/wp\/v2\/pages\/18\/revisions"}],"predecessor-version":[{"id":548,"href":"https:\/\/www.petrabraunova.cz\/index.php?rest_route=\/wp\/v2\/pages\/18\/revisions\/548"}],"wp:attachment":[{"href":"https:\/\/www.petrabraunova.cz\/index.php?rest_route=%2Fwp%2Fv2%2Fmedia&parent=18"}],"curies":[{"name":"wp","href":"https:\/\/api.w.org\/{rel}","templated":true}]}}

<figure class="wp-block-image"><img loading="lazy" decoding="async" width="768" height="1024" src="https://www.petrabraunova.cz/wp-content/uploads/2020/06/100_1836-768x1024.jpg" alt="" class="wp-image-275" srcset="https://www.petrabraunova.cz/wp-content/uploads/2020/06/100_1836-768x1024.jpg 768w, https://www.petrabraunova.cz/wp-content/uploads/2020/06/100_1836-225x300.jpg 225w, https://www.petrabraunova.cz/wp-content/uploads/2020/06/100_1836-740x987.jpg 740w" sizes="auto, (max-width: 768px) 100vw, 768px" /><figcaption>Já s klíčem od domu splněných přání 🙂</figcaption></figure>



<figure class="wp-block-image"><img loading="lazy" decoding="async" width="1024" height="768" src="http://www.petrabraunova.cz/wp-content/uploads/2019/08/DSC04537-1-1024x768.jpg" alt="" class="wp-image-79" srcset="https://www.petrabraunova.cz/wp-content/uploads/2019/08/DSC04537-1-1024x768.jpg 1024w, https://www.petrabraunova.cz/wp-content/uploads/2019/08/DSC04537-1-300x225.jpg 300w, https://www.petrabraunova.cz/wp-content/uploads/2019/08/DSC04537-1-768x576.jpg 768w, https://www.petrabraunova.cz/wp-content/uploads/2019/08/DSC04537-1-740x555.jpg 740w" sizes="auto, (max-width: 1024px) 100vw, 1024px" /></figure>



<p class="wp-block-paragraph"> Jsem Petra Braunová. Jsem máma jednoho šikovného syna a dvou krásných dcer, jsem nespokojená s nepořádkem na zeměkouli, jsem autorkou asi čtyřiceti knížek víceméně pro děti,&nbsp; jsem pošetilou majitelkou kouzelného kamenného domu v místě, kde voní pole, louky a les. </p>



<p class="wp-block-paragraph"><strong>Jsem důsledná, neberu ohledy na lidi, co nemají cíl a jsou hloupí.&nbsp; </strong></p>



<p class="wp-block-paragraph">Máte-li chuť a potřebu mi napsat, zde je můj email.</p>



<p class="wp-block-paragraph"><strong>petrabraunova@seznam.cz</strong></p>



<p class="wp-block-paragraph"><em><strong>Koho a co miluju</strong></em></p>



<p class="wp-block-paragraph">Miluju příběhy. Miluju knížky. Miluju vzpomínky. Miluju kreativní lidi. Miluju děti. Miluju být sama doma. Miluju konec srpna. Miluju Telč. Do Telče jezdím každé léto. Nemůžu se toho místa s renesančními domy, lekníny na rybnících a svatou Markétou v kašně nabažit. Někdy v patnácti jsem si přečetla Kožíkovo Město šťastných lásek a Telč mi vklouzla do života. Odmalička jsem vzhlížela k tátově obrovské knihovně. Když jsem zůstala sama doma – a to v dobách mého dětství nebylo nic divného – tak jsem si s knihami hrála. Stavěla jsem si z nich věže a hrady a hrála si na princeznu. Z máminy skříně jsem vytahala korále a hedvábné šátky, tančila jsem po pokoji, kroutila se před zrcadlem a snila o budoucnosti… Dodnes miluju vůni knížek. Většinu jsem jich po tátovi zdědila a s nostalgií si je prohlížím a vzpomínám na něho. Sedával u okna v kuchyni a četl si. Psal si svůj vlastní čtenářský deník a hodnocení. Nebylo nic výjimečného, když na konci roku vybíral vítěze z dvou set přečtených titulů. Máma u toho vařila, vykládala drby nebo šila. Moje starší sestry Renata s Hankou poslouchaly gramodesky, telefonovaly, učily se a četly. Byt se často plnil jejich kamarády, kteří hráli na kytary, mudrovali o životě a mně jako nejmladší zavírali dveře před nosem. Často jsem běhala venku, a to i do pozdních hodin. Michle tehdy byla stranou hlavních tahů, pamatuju si louky, na kterých jsme chytaly kobylky a když nám rodiče chtěli koupit nové boty, brali nás do „města“. “Přijď, až se rozsvítí komín!“ nabádaly nás mámy. Večer se vykláněly z oken a ozývalo se volání: „Domů! Domů!“ – „Komín ještě nesvítí!“ bránili jsme se všichni pronikavým ječením. Komín michelské teplárny tehdy trčel do nebe sám, až během mého dospívání vedle něho vyrostl nový, vyšší, který funguje a svítí dodnes. Ten náš, dětský, na věky zhasl. Občas, když večer jedu kolem, mrknu po něm okem a vzpomenu si na mámu. A jsem si jistá, že tentokrát, pokud se komín rozsvítí, určitě hned poslechnu. </p>

<p>Jsem Petra Braunová. Jsem máma jednoho šikovného syna a dvou krásných dcer, jsem nespokojená s nepořádkem na zeměkouli, jsem autorkou asi čtyřiceti knížek víceméně&#46;&#46;&#46;</p>
